is -1 + 1 - (2 + -3 + 2)?
-1
Evaluate (2 - -1) + -4 - (-4 + 6).
-3
-1 - -6 - (3 - 1)
3
What is (3 + 2 - 6 - -6) + 1?
6
4 + -2 - (-3 + 2)
3
(9 - (-2 + 6) - -3) + -6
2
What is the value of 0 - 0 - 1 - (38 + -42)?
3
What is the value of 1 + -8 - (-10 - (-11 - -5))?
-3
What is -6 - (6 + -5 + -4)?
-3
What is the value of -8 + 3 - -8 - (1 - 0)?
2
What is the value of -1 - -13 - (95 - 85)?
2
Calculate 8 - 4 - 12 - -9.
1
What is 0 - (4 + -7 + 8)?
-5
Calculate -9 + -2 - (-8 + 1).
-4
-2 - 0 - -1 - (37 + -36)
-2
Calculate (5 + (-6 - -1) - 3) + -1.
-4
What is the value of -8 + (4 - 5) + 1 + 0?
-8
What is -1 - (5 + 1 + -8 + 4)?
-3
What is 27 + -28 - (-1 - 0)?
0
What is the value of (-2 - 2) + 23 + -25 - -12?
6
What is (3 - (5 - (3 - 0))) + -3?
-2
Evaluate -7 + 6 - ((-6 - -2) + 2).
1
Calculate (5 - 2 - -3) + -21 + 13.
-2
(5 - -2) + (-38 - -35)
4
What is (-54 - -50) + (10 - 1)?
5
Calculate -3 + 2 + -5 - (120 - 121).
-5
Evaluate (-3 - 2) + 4 - -2.
1
Evaluate -4 - (7 + -6) - -13.
8
What is the value of -6 + 12 - 9 - -11?
8
-2 - (2 - 5) - 4
-3
Calculate 16 - (-4 + (5 - -10)).
5
What is (-2 - 1) + 5 + 4 - -4?
10
Evaluate (13 - 5 - -8) + -6.
10
What is 7 + 9 + (-2 - 5)?
9
Calculate -2 + (9 - (-2 - -7)) + -3.
-1
-3 + 0 + (11 - 6)
2
What is 8 - 2 - (-2 + 3)?
5
Evaluate 14 + -8 + (-2 - 2).
2
Evaluate (7 - 3) + -1 + 4 + -3.
4
What is (0 - -1) + (1 - 2 - -4)?
4
What is the value of (26 - 29) + (-3 - 2)?
-8
Calculate -1 + 3 - 4 - (1 - 3).
0
-3 + 4 + (-2 - -2)
1
What is (0 - (-12 + 8)) + -6?
-2
(7 - 0) + -18 + 6 + 1
-4
What is the value of 2 + (-1 - (15 - 11))?
-3
What is 3 + 3 + (4 - 11)?
-1
Evaluate (-6 + 2 - -1) + -2.
-5
What is the value of (16 - (15 - 9)) + -6?
4
-3 + (-2 - (-5 + 2 + -5))
3
What is 9 - (-2 + 8 - 3)?
6
Calculate -13 - -15 - (4 + -1).
-1
Evaluate -3 - -12 - (0 - (2 + -19)).
-8
Calculate 2 + -8 + 3 + -2.
-5
Evaluate 2 - -2 - (3 - 2).
3
What is the value of 4 + 6 + -6 + 3?
7
8 - (8 + -1 - 1)
2
Calculate -11 + 6 + -12 + 13.
-4
Calculate 1 - (-2 - (1 - 9)).
-5
What is the value of 2 + (-5 - -3 - 2 - -1)?
-1
What is the value of -28 + 29 + -2 + 6?
5
0 - (2 + -7) - 10
-5
8 - (-2 - -1) - 1
8
What is the value of 12 + -4 - (0 - 1)?
9
Evaluate -1 + -14 + 6 + (15 - 4).
2
Calculate -5 + 6 - (-11 - (1 + -7)).
6
What is the value of (4 + -3 - -5) + (1 - 2)?
5
What is (2 + -7 - -1) + -4 + 9?
1
What is 0 + (4 - 0) - 7?
-3
Evaluate 5 + -9 - (-4 + 2 + 1).
-3
What is (1 - 1) + 0 + 3?
3
Evaluate 39 + -34 + (-3 - 3 - 2).
-3
Calculate 3 + (0 - 8) + 9.
4
-5 + 2 + 0 - (32 + -31)
-4
Calculate -4 - (4 - (3 - 0)).
-5
Calculate 13 + 2 + -14 - (0 - -1).
0
Calculate (-3 - -7) + 3 + -7.
0
Evaluate (-2 - -6) + (4 - (6 + 0)).
2
Evaluate -8 + 9 - (-2 + 9).
-6
What is 6 - (5 + 1 - 2)?
2
Evaluate 6 - ((0 - (4 - 5)) + 1).
4
Calculate -9 - (5 - (-3 - -15)).
-2
1 + -3 + 4 + -3
-1
What is the value of 6 + (4 - 2) - (-112 - -122)?
-2
What is (-18 - -23) + -5 + 0?
0
4 - (7 + 5) - (0 - 18)
10
What is the value of (-20 - -17) + (1 - -4)?
2
What is 2 - -1 - -4 - 2?
5
What is the value of (0 - 0) + (-10 - (-5 - 5))?
0
-2 + -1 - ((-2 - -2) + -3)
0
What is (1 - (-1 + 1)) + 0?
1
What is the value of (-1 - -6 - (10 - 1)) + 7?
3
What is -6 - (-5 - (-4 + 2) - 0)?
-3
-2 - 1 - (-6 + 4 - -5)
-6
5 + 1 + 1 + 2 + -4
5
-1 + 1 + -5 + -2 + 4
-3
What is the value of (1 - (4 - 4)) + 3 + -4?
0
Evaluate 2 + (9 + -5 + 2 - 12).
-4
What is the value of (3 - (-3 - -7) - 0) + 0?
-1
Calculate -4 + 15 + -1 + -5.
5
6 + (-5 - -3) - (1 + -2)
5
What is (-13 - -7) + 11 - 6?
-1
Evaluate 9 + -1 + 2 + (-49 - -43).
4
12 + (-2 - -9 - 11)
8
What is the value of 1 - (3 + 0) - (59 - 65)?
4
-6 - (-8 - (1 + -3))
0
What is the value of -1 + 5 - (1 - 0)?
3
Calculate -2 - -3 - (2 - (2 - 3)).
-2
-19 + 9 + (6 - (-4 + 3))
-3
Calculate (-2 - -1) + (-18 - -15).
-4
Evaluate 0 + 0 - (-3 + (13 - 10)).
0
Calculate 2 - 3 - (8 + -10).
1
0 + -4 - ((1 - 5) + 3)
-3
What is (8 - 5) + -1 - 3?
-1
-5 - (-19 + 19 + 1 + -10)
4
What is -6 - (3 - 3) - -10?
4
What is the value of -4 + (0 + 5 - -4)?
5
Calculate (4 - 3) + -2 + 2 + 0.
1
What is the value of -97 - -89 - (1 + 2 - 1)?
-10
What is the value of 1 + 0 + 1 + -81 + 74?
-5
Calculate 3 - (-2 - -5 - -2).
-2
What is 8 + (-2 - 2) - (-9 - -3)?
10
What is -4 + (1 - (-3 - -5))?
-5
Calculate 1 + (2 + (-8 - 0) - 3).
-8
What is 4 - (-3 - (-3 + -6))?
-2
What is (2 - -1) + (2 - 5)?
0
Calculate 2 + 1 - (21 - 21).
3
Calculate -1 + 7 + -3 - (21 + -16).
-2
What is the value of 1 + 1 + -4 + 0 + -1?
-3
What is 5 - ((4 - -1) + -3)?
3
What is the value of 3 + -4 + 0 + 4 - 1?
2
What is 0 + -6 + 7 + 1 + -3?
-1
What is 21 + -24 - (1 - -3)?
-7
What is the value of 1 + -5 + (0 - 12 - -17)?
1
Evaluate 6 + 9 - 6 - 14.
-5
Evaluate 1 + -1 + 5 + (-142 - -137).
0
What is the value of (-1 - (-3 - -2 - -6)) + 5?
-1
Calculate 0 + 5 - (-12 - -14).
3
Calculate ((-4 - -11) + -4 - -4) + -9.
-2
Evaluate (0 - 3 - (-4 + 3)) + 2.
0
What is 1 - (6 + -3) - -7?
5
Evaluate -4 - (-15 + 1 + 5 + 0).
5
What is 3 - (6 - (-2 + 2))?
-3
Evaluate 5 + (-1 - (-2 + 1)).
5
(-5 - ((8 - 19) + 7)) + -8
-9
Calculate -2 + (1 - (6 + 0)) + 4.
-3
What is the value of 4 - (-5 - (3 + -4 + -7))?
1
Calculate -4 - 0 - (3 + -4).
-3
What is 3 - (-1 + (2 - -7))?
-5
(7 - 6) + -4 + 2 + -8
-9
What is the value of -3 + (-3 - (1 + -2)) - -4?
-1
What is -8 + -7 + -3 + 18?
0
Calculate (-3 - (2 + 2)) + 7.
0
What is the value of 1 + 0 + 5 - (0 - -2)?
4
What is the value of -2 + 2 + -4 + 2?
-2
What is the value of 5 + (-6 - -3) + 19 + -19?
2
(8 + -18 - -7) + 7
4
0 - (-3 - (0 - (-6 - -2)))
7
What is (-3 - -2) + 2 - (5 - 1)?
-3
What is the value of 0 + 14 - (2 + 2) - 5?
5
Calculate -1 + -8 - (-11 - -4).
-2
Calculate (-6 - (0 - 3)) + 39 + -27.
9
Evaluate -1 - ((9 - 0) + -8).
-2
-1 + 3 + 1 + -17 + 11
-3
What is the value of -8 + (-6 - (-1 + -7))?
-6
What is the value of -2 + 6 + (1 - 7)?
-2
(-5 - (-1 + -12)) + -1 + -5
2
Evaluate 100 - 96 - ((1 - -2) + 2).
-1
Evaluate -15 - 0 - (2 - 8).
-9
-7 + -2 + 2 + 4
-3
What is the value of 0 + -5 + 5 + -5 + 1?
-4
Evaluate -5 - -8 - (9 - 6 - -1).
-1
Evaluate 9 + -12 - (-3 + 1 + 4).
-5
Evaluate 0 + (1 - (5 + -7)).
3
Calculate 1 + -5 - (5 + -4).
-5
-14 + 0 + 7 - (-18 - -3)
8
Calculate (1 + -5 - -5) + 1.
2
What is -6 - (-3 + 0) - (-74 - -80)?
-9
Evaluate -5 + 8 + -6 + 2.
-1
What is the value of 1 - ((1 - -3) + -5 + 2)?
0
Evaluate 67 + -52 - (26 - 1).
-10
Calculate (-1 - -4) + (2 - 2).
3
Evaluate -11 + -5 + 13 - (-3 - -1).
-1
1 - (-4 + (-4 - -4) - -1)
4
Evaluate (6 - -2) + (-6 - -7) + -5.
4
What is the value of (4 - -1) + 4 + -7 - 3?
-1
What is the value of 15 + -1 + (-9 - -13 - 10)?
8
What is 4 + 2 + -8 + 7 + 0?
5
What is the value of 3 - ((0 - -8) + -2)?
-3
Evaluate 23 - 23 - (0 - -3).
-3
Calculate (-3 - 0 - -11) + -4.
4
Evaluate 10 - 3 - (4 - (-2 - 1)).
0
What is the value of 10 + -5 - (-4 - (-8 + 2))?
3
What is the value of (-7 - -16 - 20) + 7?
-4
Calculate (-1 + 2 - 1) + 2 - 6.
-4
(1 - -3) + -7 + 2
-1
What is (14 - (15 - 9)) + -5?
3
Evaluate (2 - (10 + -1)) + 8.
1
Calculate 2 + (-3 - -13) + -5.
7
Evaluate -7 - (-6 + -4) - (2 + 1).
0
What is the value of 21 + -18 + (2 + -3 - -2)?
4
What is -2 + 0 + (1 - 1 - -3)?
1
What is 7 + -5 + 1 + -1?
2
What is 1 + -8 + 6 + 5?
4
-4 + (2 - 6) + 4
-4
Evaluate -123 + 122 + (2 - 3).
-2
What is the value of (-4 - 5) + 2 + 8?
1
Evaluate (4 + -10 - -3) + (-7 - -1).
-9
What is the value of 1 - (-8 - (3 + -8))?
4
Evaluate 6 + 0 + (-6 + -1 - -1).
0
Calculate -70 - -78 - (-1 + 3 + -1).
7
Calculate -6 - (4 + -13 + -2) - 8.
-3
Calculate -13 + 9 + -2 + (4 - 2).
-4
Evaluate 8 + -7 + -5 + 1.
-3
Evaluate 10 + (-3 + 1 - 3).
5
What is 13 + 7 + 9 + -24?
5
What is the value of 5 + 1 + -60 + 44 + 4?
-6
What is the value of 0 - (-4 + (5 - 4))?
3
What is the value of 6 - (1 + 1) - (-4 + 11)?
-3
What is the value of 6 - -3 - 3 - 9?
-3
6 - (2 + 0) - 10
-6
What is the value of (-9 - (9 + -16)) + 0?
-2
1 - (-9 - -26 - 10)
-6
(-16 - 0) + -36 + 48
-4
What is 1 - (4 - 7) - -1?
5
What is the value of -7 - (-5 - (-15 + 8 + 13))?
4
What is the value of -3 + 7 + (0 - 3) + -2?
-1
What is (-2 - -4) + (2 - (2 + -5))?
7
What is -1 + 2 + -2 + (-11 - -3)?
-9
Evaluate -10 + 15 - (0 - 1) - 3.
3
Calculate -4 + 0 + (12 - (16 + -8)).
0
Evaluate (-9 - -3) + (5 - (-1 - -3)).
-3
What is -6 + -2 + (11 - 5)?
-2
Calculate -4 + (-2 - -3) + 2.
-1
Evaluate -17 + 13 -